 j.
5, 7
Suppose -3*a + 3*p + 18 = 0, a = 2*a + 5*p. Suppose 3*j - 5*q = -6*q + 709, 3*q = -a*j + 1175. What are the prime factors of j?
2, 7, 17
Let z be -4 - 20/15*-3. Suppose z = 4*j - 16, 2*x - 313 = -3*j - 103. List the prime factors of x.
3, 11
Suppose -3*q + f - 18 - 4 = 0, 0 = q + 2*f + 19. Let z = -10 - q. List the prime factors of z*(-4 - 27/1).
31
Let q be (-12)/10*(-30)/9. Suppose -3*y + 7 = -q*k, -5*k - 10 = -4*y - 2. Let v(h) = h**2 - 3*h - 6. What are the prime factors of v(k)?
2, 11
Suppose 224 = 7*o - 4*o + 5*s, 4*s = -4*o + 296. Suppose 5*v - 167 = o. List the prime factors of v.
2, 3
Suppose 23*k - 381 - 516 = 0. Let m(f) = 35*f**3 - f. Let y be m(-1). Let r = y + k. What are the prime factors of r?
5
Let s(l) = 46*l**3 - 2*l. Suppose w = b + 2*b, -4*w + 7 = -5*b. Let a(u) = u**3 + u + 1. Let d(k) = b*a(k) + s(k). What are the prime factors of d(1)?
47
Let u(k) = k**3 - 3*k**2 - 4*k + 3. Let d be u(4). Suppose -1 = -2*t + d. Suppose s - 4*c = -5, t*s + 3*c - 10 = c. List the prime factors of s.
3
Let x(a) = -50*a**3 - a**2 + 5*a + 12. List the prime factors of x(-4).
2, 397
What are the prime factors of (31400/(-15))/(-10)*(-9)/(-6)?
2, 157
Let j(z) = 11*z**2 - z - 2. What are the prime factors of j(6)?
2, 97
Suppose 44334 = 21*d - 2391. List the prime factors of d.
5, 89
Let i(k) = -82*k + 31. Let y be i(4). What are the prime factors of 1/(20/20 - y/(-298))?
2, 149
Let y(g) = 12*g**2 - 86*g + 32. What are the prime factors of y(18)?
2, 593
Let o(d) = 36*d**3 + d**2 + 21. What are the prime factors of o(4)?
2341
Let m(k) = 325*k - 35. List the prime factors of m(2).
3, 5, 41
Suppose -2*h + 0*h + 1020 = 2*w, w - 3*h - 522 = 0. What are the prime factors of w?
3, 19
Suppose -5*p + 2*p + 3 = 0. Suppose 6*h = p + 47. List the prime factors of h.
2
Suppose 8 - 2 = 2*c. Suppose r + 2 = 4*g, 0*r + 3*r - 3*g - c = 0. Suppose -f = -4*t - t - 51, -f - r*t = -23. What are the prime factors of f?
31
Let k = -251 + 721. What are the prime factors of k?
2, 5, 47
List the prime factors of (2 + -2 - 1)/((-56)/141176).
2521
Let h be (1 - 0) + 20/(0 - -5). Suppose 65 = h*i - 95. What are the prime factors of i?
2
Let r = -35 + 35. Suppose -2*s - 5*q + 12 = r, -3*s + 47 = 2*s + 4*q. What are the prime factors of s?
11
Let o(i) = -16*i**2 + i - 1. Let f be (21/14)/((-3)/(-4)). Let b be o(f). Let v = 122 + b. What are the prime factors of v?
59
Let r(t) = -44*t - 209. What are the prime factors of r(-20)?
11, 61
Let r(w) = 4*w**2 - 11 - 12 + 5*w**2 + 22. What are the prime factors of r(-1)?
2
Suppose t = 4*t + 2*a + 1, 2 = -a. List the prime factors of t*-1 + 6 + 7.
2, 3
What are the prime factors of -124*3*(-52)/24?
2, 13, 31
List the prime factors of 4*(-192*(-3 + 2) - -1).
2, 193
Let y(i) = -i**3 + 35*i**2 - 32*i - 20. What are the prime factors of y(15)?
2, 5
Suppose 5*g + 10 + 20 = 0. Let t = g - -10. Suppose -t*c + 80 = c. List the prime factors of c.
2
Suppose -3*s - 13 = -3*q + 8, 3*q - 5*s - 27 = 0. Suppose -3*f + 7*f - 228 = q*w, 0 = 3*w + 15. What are the prime factors of f?
2, 13
What are the prime factors of (-3)/(((-162)/(-12372))/(-9))?
2, 1031
Let f(h) be the third derivative of 0*h**4 - 8*h**2 + 0 + 5/2*h**3 + 0*h + 1/60*h**5. What are the prime factors of f(0)?
3, 5
Suppose 5*s - v - 3*v + 49 = 0, -2*v = 3*s + 47. Let h = 1 + -12. Let r = h - s. What are the prime factors of r?
2
Let i be 14 + 2 + (0/5)/(-4). Suppose 0 = 6*b - i*b + 660. List the prime factors of b.
2, 3, 11
Suppose 0 = 3*a - 2*y - 274, 2*a = -a - y + 286. Suppose 5*i = 134 + 201. Let c = a - i. List the prime factors of c.
3
Let o = 7 + -4. Suppose 12 = 11*w - 9*w. Suppose -o*i - 4 = -5*r, 0*i + i = 4*r - w. What are the prime factors of r?
2
Let r = -2 + 5. Suppose -k + 92 = r*k. What are the prime factors of k?
23
Suppose 0 = -2*z + 133 + 537. What are the prime factors of z?
5, 67
Let r(y) = -2*y**2 + 7*y + 22. Let k be r(-9). Let w = k + 307. What are the prime factors of w?
2, 13
Suppose 350 - 822 = -8*k. What are the prime factors of k?
59
Suppose 4*f = 3*f + 737. What are the prime factors of f?
11, 67
Suppose 2*n = 3*n - 10. Let a(o) = o**2 - 12*o + 2. Let m be a(n). Let t = 41 + m. List the prime factors of t.
23
Let n = 805 - -1844. What are the prime factors of n?
3, 883
Let i(b) = -3*b - 2. Let p be i(-6). Suppose -58 - p = -2*h. Let a = h - 18. List the prime factors of a.
19
Let u(s) = -8 - 9*s + s**2 + 5*s - 2. What are the prime factors of u(-3)?
11
List the prime factors of 1/(-4) - 19803/(-28).
7, 101
Suppose 339*x - 337*x - 5*d - 5904 = 0, 0 = -2*x - 2*d + 5876. List the prime factors of x.
2, 1471
Suppose 831 = 2*z - y, 12*z = 7*z + 3*y + 2077. What are the prime factors of z?
2, 13
Suppose -5*j - 84 = -459. Let r = j + 79. List the prime factors of r.
2, 7, 11
Let a = -813 - -1235. What are the prime factors of a?
2, 211
Suppose s = -4*y, y = 4*y + 4*s. Let z(a) be the second derivative of -a**3/3 + 9*a**2/2 + a. List the prime factors of z(y).
3
Let k(s) = 3*s**2 + 4*s + 1. Let x(r) = 5*r**2 + 9*r + 1. Let z(d) = -7*k(d) + 4*x(d). Let a be z(7). Suppose -a*b + 5*b = 4. What are the prime factors of b?
2
Let r be 150/12*(-1 - 1). Let z = r - -92. What are the prime factors of z?
67
Suppose -2*w - 2*b - 228 = -0*b, 2*w + 208 = 2*b. Let h = -21 - w. Suppose 0 = -4*i + 5*m + h, 5*m + 46 = 5*i - 64. What are the prime factors of i?
2, 11
Suppose -15 = 3*h + 18. Let a(w) = -3*w + 1. What are the prime factors of a(h)?
2, 17
Let g be 6/1*4/3. Suppose -3*m - 6 = 3*n, -2*n + 0*n = g. List the prime factors of m/(-5) + (-82)/(-5).
2
Let v(s) = -s**2 + 11*s - 18. Let m be v(8). Suppose -9*n = -m*n. Suppose -5*t - 2*h + 3*h + 16 = n, 0 = -5*t + 5*h. What are the prime factors of t?
2
Let u(f) = 3*f**3 - 41*f**2 + 19*f + 33. Let i(p) = p**3 - 20*p**2 + 9*p + 16. Let k(t) = -5*i(t) + 2*u(t). What are the prime factors of k(-18)?
2, 7
Let b(f) = f**3 - 5*f**2 + 3*f - 1. Let x be 3/(-12) - 102/(-24). Let i be b(x). Let r = -1 - i. What are the prime factors of r?
2
Let t(b) = b - 2. Let z be t(3). Suppose r = -0*r - z. Let y(a) = 30*a**2 + a. List the prime factors of y(r).
29
Suppose 0 = -5*n - j - 361, -2*n - 5*j - 147 = -2*j. What are the prime factors of (n/28)/(4/(-28))?
2, 3
Suppose -3*x = -2*b - 0*b, 0 = x + 4. What are the prime factors of (1 - b/(-4))*(-96)/16?
3
Let x(b) = 6*b**3 + 3*b**2 - 11*b + 16. List the prime factors of x(6).
2, 677
Let z(w) = -w. Let x(b) = 4*b - 9. Let a(r) = x(r) + 5*z(r). Let m be a(-5). Let p(k) = k**3 + 6*k**2 + 4*k - 5. List the prime factors of p(m).
11
Let o = 106 + -103. Suppose o*w = 5*q + 96, -w = -2*w - 3*q + 18. What are the prime factors of w?
3
Suppose -1375 = -6*x + 359. What are the prime factors of x?
17
Suppose -6*x + 36 = q - 10*x, 5*x = q - 32. What are the prime factors of 260/(2 - 1) - (q + -53)?
3, 29
Let y be 5*((-1)/(-2) + (-6)/(-12)). Let h = 117 + -5. Suppose -y*c + 73 = -h. List the prime factors of c.
37
Let u(n) = 3*n**2 - n + 1. Let f be u(1). Let s(x) be the second derivative of 5*x**4/12 + 7*x**3/6 - 9*x**2/2 + 419*x. List the prime factors of s(f).
3, 19
Suppose 749 = -a + 201. Let x be (1 + 0)*a/(-4). Suppose -y = -1, -y - 28 = 4*k - x. What are the prime factors of k?
3
Let z be (2/(-4))/((-7)/(-2002)). Let g = -78 - z. What are the prime factors of g?
5, 13
Let t = 1047 - -248. List the prime factors of t.
5, 7, 37
Suppose 50*c - 121426 = 52524. What are the prime factors of c?
7, 71
Let y(r) = -14*r**3 - 13*r**2 - 19*r - 17. What are the prime factors of y(-5)?
3, 167
List the prime factors of 673/(2 + (3 - 4)).
673
Let w = 52 - 42. Suppose 0 = -w*b + 734 + 36. List the prime factors of b.
7, 11
Let d(z) = -81*z + 4. Let h(f) = 243*f - 13. Let r(i) = -11*d(i) - 4*h(i). What are the prime factors of r(-1)?
89
Suppose 3*o = p - 60, 0*p + 160 = 3*p + o. Suppose 5*v - 30 = -2*s, 4*v = -5*s + 2*v + p. List the prime factors of s/2*230/50.
23
Let i(h) = -h**3 - 5*h**2 - 4*h - 6. Let t be i(-5). Let u = 19 - t. Suppose -2*f = -u*f + 96. What are the prime factors of f?
2
List the prime factors of 79960/180 + ((-2)/9)/1.
2, 3, 37
Let x(g) = -g**3 + 18*g**2 + 19*g - 6. Let a = 63 - 44. Let y be x(a). Let k(s) = s**2 - 4*s + 7. What are the prime factors of k(y)?
67
Let o = 10 - 8. Sup